 - -26)?
5
Evaluate 3 + -13 + 13 + 1 + 0.
4
What is the value of (5 - 4) + -4 + 4?
1
What is the value of -5 + 4 - -1 - 5?
-5
What is the value of 2 - (4 + (-2 - -4) - 5)?
1
What is the value of 27 + -19 + -10 + 1?
-1
What is the value of 1 - 5 - (16 + -18) - -2?
0
Calculate 0 + -1 - (-8 - -6 - -3).
-2
Evaluate 3 + -7 + (2 - (17 + -12)).
-7
(-53 - -59) + (-1 - (2 - 4))
7
Evaluate 0 + -1 - (5 + -3) - -2.
-1
1 + (-1 + 6 - (13 + -10))
3
Calculate -5 - (1 + (1 - 2)).
-5
What is the value of -4 - (-4 + (5 - 3))?
-2
6 - (2 + -4) - 5
3
Evaluate (2 - (6 + -2)) + (1 - 0).
-1
Evaluate -10 - (-3 - (-1 - -5)).
-3
What is the value of -6 - ((0 - 0) + -10)?
4
Calculate -6 - ((-20 - -5) + 7) - -2.
4
-7 + 9 - (1 - 1) - 7
-5
(4 - 4 - -4) + -10 + 2
-4
What is -5 + 1 - (10 + -13) - 1?
-2
What is the value of -4 + (4 - 0 - (0 - 4))?
4
-2 + 0 - (-4 + 0) - -5
7
What is the value of -10 - (-35 + 29 + 0 + 0)?
-4
What is the value of 5 + 0 - (1 - -4 - 3)?
3
Calculate 92 + -94 + (-1 - -1) + 3.
1
What is 9 - (7 + (5 - 6))?
3
Evaluate (-6 - -2) + (-2 + 5 - -4).
3
Calculate 7 + -3 + -1 - (-1 - -3).
1
Evaluate -1 + (-4 + -2 - -3) + -6.
-10
Calculate 2 + ((-5 - -1) + 4 - 4).
-2
Calculate (8 - 6) + -2 + 6.
6
Evaluate (-1 - -6) + 10 + -19.
-4
Calculate 6 + (9 - 7 - 14).
-6
Calculate -7 + (4 - 16) + 8.
-11
1 + -2 - (73 - 76)
2
What is the value of (10 - 5) + 0 + 1?
6
Calculate -6 - (0 + (0 - (-6 + 13))).
1
Calculate (-1 - 0) + (2 - (3 + 2)).
-4
Calculate (-5 - (-1 + 1)) + 1 - 1.
-5
Calculate 8 - ((3 - 6) + 9).
2
Evaluate 16 + (2 - 7) + -15.
-4
What is 11 + -4 - 4 - 0?
3
(-3 - -1) + (-1 - 1) + 0
-4
Evaluate 3 + (-4 - -2) + -8 + 4.
-3
What is -1 + 4 + 3 + -5?
1
Evaluate -1 + -6 + (8 - 5).
-4
2 + (-2 - 5) + 1
-4
Calculate -3 + 4 + (-2 - -4).
3
Evaluate 20 - (1 + 9) - 18.
-8
Calculate 1 + 5 - (3 + 1) - -2.
4
What is the value of -6 - 0 - -1 - -6?
1
What is the value of -7 + (5 + 4 - 7)?
-5
(4 - (6 - 0)) + 4
2
Calculate 1 + (1 + -3 - -4).
3
What is the value of -5 + 9 + 0 - 7?
-3
1 - (-3 + 7) - 0
-3
Calculate -7 - (14 - 22) - 11.
-10
What is 3 - (-2 + -1 + 7)?
-1
Evaluate (0 - 9) + 10 + -5.
-4
What is the value of 3 + (-2 - 1 - -7)?
7
What is the value of 1 - 1 - (-7 - -6)?
1
Calculate -7 + -1 + 4 + 1.
-3
Evaluate -7 + (-3 - -6) + -6 + 2.
-8
What is (2 - (1 + 5)) + 3?
-1
(-2 - (-2 - 0) - -2) + -1
1
(0 - -4) + (67 - 71) - 7
-7
Calculate (3 + -2 - (2 + -1)) + 3.
3
What is the value of 11 - 7 - (-4 + (0 - -3))?
5
Calculate 0 + (5 - 8) - -4.
1
What is 0 + 1 + 3 + -3 + 3?
4
What is 3 - (-2 - (1 + -1))?
5
(-1 - -1) + 4 + -6 + -9
-11
Evaluate 2 + (3 - 3) + -6.
-4
What is the value of -4 + (-1 - (3 - 3)) + 0?
-5
What is 1 - (-2 + -3 + 8 - -3)?
-5
Calculate (1 - -2 - 2 - -1) + -7.
-5
-5 - -7 - -4 - 8
-2
What is the value of -3 - (-2 - -6 - 7 - -4)?
-4
Calculate 18 + -20 - (-3 + -2).
3
What is 4 + -1 - 7 - (-5 + -1)?
2
What is 383 + -384 + -7 + (-2 - -1)?
-9
Evaluate 4 - (9 + (-3 - 0)).
-2
What is the value of -1 + -4 - (1 + -10)?
4
Evaluate 10 + (-8 - 6) + 3 + -2.
-3
What is the value of -5 + -12 - -16 - (6 + 0)?
-7
Calculate -9 + (13 + -10 - (0 - 2)).
-4
What is 32 + -36 + (-2 - -7) - 2?
-1
(27 - 8) + -13 + 3
9
What is -3 - (3 + -7 + -1 + 3)?
-1
What is the value of (91 - 76) + -1 + 3 + -9?
8
What is -9 + (-4 - -3) + 10?
0
(-3 - (-6 - -3)) + 1 + -3
-2
What is the value of 2 + -15 + 6 - -11?
4
Calculate (1 + (-1 - 0) - 1) + 6.
5
(-4 - (1 - 6)) + -4 - -6
3
What is the value of 0 + 4 + (4 - 4)?
4
What is the value of (4 - (4 - -2)) + 3 - -3?
4
What is the value of (3 - 7 - 0 - -6) + 1?
3
Evaluate 20 - 22 - (-11 - (1 + -4)).
6
What is -1 - (-3 + (-3 - -8) + -6)?
3
Calculate 8 - 5 - 6 - (-9 - 2).
8
-2 - (5 + -2 - 0)
-5
Calculate (3 - -2) + -4 + -13 + 8.
-4
Calculate (-1 - 0 - (3 - -1)) + 1.
-4
(-7 - -7) + -2 + -2
-4
Evaluate 20 - 7 - (11 - 1).
3
(-36 - -32) + (-1 - -12)
7
Evaluate (3 - (-9 + 4)) + -8.
0
-16 - -29 - (-1 + 12)
2
Evaluate -11 + -2 + 10 + 10.
7
What is 1 + 2 - -1 - -2 - 1?
5
What is the value of -7 + (1 - -9) + -10 + 11?
4
What is -1 + 4 - (2 - (2 - 3))?
0
Evaluate -5 - (1 - (3 + (0 - 0))).
-3
Calculate -4 + (-8 - (-9 - 7)).
4
Calculate 2 + -8 - -3 - (2 - 0).
-5
What is the value of 4 - (3 - -8) - (1 + -7)?
-1
Calculate 17 + -8 + -5 + -9 + 0.
-5
What is 2 + (-1 - (0 + -2)) - 5?
-2
What is -1 + 1 - (9 + -16 + 10)?
-3
What is 12 - 4 - (9 - -4)?
-5
What is 0 + (3 - (2 + 0))?
1
(0 - -1) + (7 - 5)
3
(-3 - 3) + 1 - -1
-4
Calculate -2 + 12 - (-7 + 16).
1
What is the value of 14 + (18 - 25) + (-10 - -1)?
-2
Evaluate 0 - (-2 + -2 + 5 - 3).
2
What is the value of 1 + -3 + (3 - 5)?
-4
What is -3 + 4 + -3 + 4 + -6?
-4
What is the value of 4 + 6 + -5 + -4?
1
What is the value of (2 - -5 - 9) + (4 - 0)?
2
0 + -2 + (-1 - -6) + -3
0
Evaluate -5 + 4 + 0 + -7 + 8.
0
Calculate 2 - -9 - (33 - 13).
-9
Evaluate -5 - -3 - (-12 - -2 - -3).
5
What is 7 + -12 + 0 - (-6 + 5)?
-4
-2 - (6 + -7 + (-2 - -1))
0
Evaluate 0 + (-3 - -9) - (-19 - -26).
-1
Calculate (-57 - -36) + 2 + 8.
-11
Calculate 4 - -1 - (3 - 11 - -9).
4
What is the value of 4 - (-2 + 3 - (-5 - -1))?
-1
-3 - -1 - (-7 - -2)
3
What is 8 - 2 - (-2 + 3 - 1)?
6
What is the value of (-3 - -8) + 0 + 2 + -2?
5
Evaluate (7 - (2 + 6) - 4) + -3.
-8
What is (-2 - -14 - 2) + 22 + -25?
7
Evaluate -1 - -1 - (2 - 4 - 3).
5
Evaluate 2 + 0 - (58 - 49).
-7
Calculate 1 + (-9 - -1 - (0 + -4)).
-3
Evaluate (-7 - -12) + (-2 - 9) + 4.
-2
What is -1 - (6 + -15 - -3)?
5
What is the value of (1 - -5) + 33 + -37?
2
Evaluate (1 - -2) + (3 - (-2 - -13)).
-5
(-1 - (-3 - -1)) + 0
1
Evaluate -3 + 1 + -8 + (3 - -3).
-4
Evaluate 2 - (-5 + 11) - (-2 - 6).
4
Evaluate (6 - 2) + (-8 - -2).
-2
Calculate 4 + -3 + (-17 + 7 - -2).
-7
-5 + -4 + 14 + -8
-3
What is the value of -5 - (1 + 0) - (32 - 35)?
-3
What is -6 + -7 + -3 + 13?
-3
Calculate 2 - (0 - (2 + 8 - 2)).
10
-3 + 8 + -1 + -6
-2
What is the value of 3 + 3 + -1 + -5 + 1?
1
Calculate -5 - (-2 + -2 + 4).
-5
What is 8 - (1 - 1 - -6)?
2
Calculate (-9 - -6) + -1 - -14.
10
7 - (-1 - 0) - 16
-8
Calculate 0 + -3 - (-13 + 9 + 0).
1
Evaluate -4 + -3 - (1 - 2).
-6
Calculate -2 + 1 + -2 + 5 + -6.
-4
Evaluate (0 + 4 - 6) + 2 + 1.
1
Calculate -3 - (-8 - -3) - 5.
-3
-7 + 1 + 4 + 6
4
1 + -1 + -3 + (-1 - -8)
4
What is -1 + (4 - 3 - (-2 + -1))?
3
What is the value of 0 + -16 + (-2 - -11)?
-7
What is 1 - (3 + -7 + 4)?
1
What is -1 + (0 - (-1 + 2)) + -3?
-5
-3 - (-15 + 11 + (1 - -1))
-1
What is 0 - (-4 + -2 - -5 - -4)?
-3
Calculate 1 + (-3 - -3) + (-1 - 5).
-5
1 - (5 + 2) - -3
-3
What is the value of -2 + -2 + 11 - 13?
-6
What is 4 + -4 + 4 + -1 + 1?
4
4 - (7 + 3) - (-5 + 5)
-6
-4 - 0 - (3 - 5)
-2
Calculate 4 + -6 + 1 - (-2 - 2).
3
Evaluate -2 + (-6 - -6) + -1.
-3
What is 1 - (1 + -14 + 7 + 1)?
6
What is the value of 8 + (-3 + -2 - 0)?
3
Calculate 1 - (1 - -1) - (-7 + 1).
5
Evaluate -1 + 2 + -10 + 1 + 2.
-6
What is the value of -3 - (-5 + 8) - -4?
-2
Evaluate 132 + -121 + -1 + -6.
4
2 + 4 - (-2 - -5)
3
What is -6 - (0 - 1 - 3 - -2)?
-4
-3 + (-5 - -5) + -1 + 1
-3
Evaluate -7 + 15 + (-1 - 8).
-1
(-1 - (-3 - -2)) + (5 - -1)
6
Calculate (-7 + 12 - -6) + -17.
-6
What is (1 - -4 - 5) + (1 - -3)?
4
-9 - (3 - (20 - 10))
-2
Calculate (-2 - 8) + 1 + (-2 - -7).
-4
What is 16 + -19 - (-8 + 2)?
3
What is 3 - (11 - (7 - 1))?
-2
1 + -1 + (4 - 6 - -6)
4
What is -11 - (-13 + 9) - -1?
-6
Evaluate (-2 - (2 + -1)) + (55 - 52).
0
What is the value of 4 + (-6 - (-10 - -5))?
3
Evaluate 6 + (4 - (5 - 1)).
6
-7 - (2 - 7) - 3
-5
Calculate 3 - (3 - (-3 - 0)) - 0.
-3
Evaluate (2 - -2) + (30 - 31).
3
Calculate 3 + (1 + -9 - -1).
-4
-1 + (-1 - 4 - (1 - 4))
-3
What is 0 + -6 + -3 + -4 + 8?
-5
What is the value of -3 - 4 - 5 - -6?
-6
What is the value of 2 - (0 + 0 - (-2 - 0))?
0
Calculate 0 - (14 - 6) - -2.
-6
Evaluate -22 - -21 - (0 + 0 + 1).
-2
What is the value of -2 + 7 + (0 - 5)?
0
Evaluate 5 + (8 - (7 + 2)).
4
-1 + (-5 - (0 + -3)) + 1
-2
Calculate (-5 - -8 - 4) + -4.
-5
What is (-19 - -11) + -1 + (-1 - -6)?
-4
Calculate (-5 - (4 + -4)) + (3 - -5).
3
Calculate -4 + 7 + (-10 - -12).
5
Evaluate -7 + -2 + -13 + 12.
-10
Calculate (-4 - 0) + (8 + -1 - 5).
-2
Calculate -5 + 2 - (-39 + 39).
-3
What is the value of 0 - (-4 - (7 + -11) - -2)?
-2
What is the value of (-5 - -1) + 1 - (-32 + 26)?
3
What is 0 + 1 + (2 - 1 - -3)?
5
What is the value of -2 + -2 + 6 + 1?
3
What is 5 - (